15)/10)/(l/(-2)). Suppose 4*s + v - 26 = y*v, 3*s - 2*v - 20 = 0. Let a(n) = -n**3 + 6*n**2 + 5. Calculate a(s).
5
Let v(p) = -p**2 - 2*p + 8. Suppose 3*h + 0 + 18 = 0. Let l be v(h). Let z = l + 10. Let r(y) = -y**2 - 8*y - 6. Calculate r(z).
6
Suppose 115 = 3*b + 109. Let g(w) = -w**2 - 2*w - 3. Let o(h) = -2*h**2 - 2*h - 4. Let l(n) = -4*g(n) + 3*o(n). Give l(b).
-4
Suppose m = -5*k - 160, 4*k + 0*m = m - 137. Let t be (k/9 - -3)*-6. Suppose -t*w = u - 6*w + 12, 2*u + 3*w - 4 = 0. Let p(a) = 4*a + 1. What is p(u)?
-15
Let h(t) = -t**2 - 7*t - 7 + 1 + 1 - 12 + 7. Give h(-5).
0
Let s(d) = 3*d**2 + d + 2. Suppose 5*y - 41 = -5*h - 11, -3*h = 5*y - 38. Suppose -4*j + 5*w = 2 + 6, -3*w = 5*j + y. Give s(j).
12
Let o(l) be the second derivative of 2*l**3/3 + 7*l**2/2 + 98*l. Give o(-4).
-9
Let l(v) be the first derivative of -v**3/3 - 3*v**2 - 4*v - 118. Let m = -12 + 6. Determine l(m).
-4
Let b(d) = -51*d + 15*d - 6 + 19*d + 18*d. Suppose -6*z + 16 = -4*z. Suppose 20 = 2*v + z. Give b(v).
0
Let t = -16 - -18. Let r(i) = i**t - 3*i**2 + i**2 + 0*i**2 + 1 - i**3. Let g be 1*(-2 - -2)*1*-1. Calculate r(g).
1
Let i(n) = n + 4. Let u = -44 + 108. Let a = u - 6. Suppose 0 = 6*h - 10 + a. Determine i(h).
-4
Let d be -2*12/(-14)*21/(-12). Let z(w) = -4*w**2 - 3*w - 1. What is z(d)?
-28
Let f(m) = 2*m + 3. Let c(s) = s**3 - 7*s**2 + 5*s + 8. Let k be c(6). Suppose -6*l + 9*l + 16 = 5*u, -2 = -l - k*u. What is f(l)?
-1
Let a(c) = -c + 20. Let x be a(10). Suppose -s + 24 = s. Let g(z) = 3*z + s - 5*z - x - 2*z**2. Determine g(-2).
-2
Let u(w) be the third derivative of w**6/120 + w**5/15 + w**4/12 - 5*w**3/6 - 21*w**2. Calculate u(-4).
-13
Let q(d) = d**3 + 5*d**2 + 4*d - 1. Suppose 0*z - z + 8 = 0. Suppose l - 5*t = z, -3*l + 2*t = -5*l + 28. Suppose -l = 2*u - 7. Determine q(u).
5
Suppose 6*o - 56 = 14*o. Let m(w) = -w + 7 - 15 + 0. Calculate m(o).
-1
Let c(w) be the third derivative of -w**6/120 - 3*w**5/10 + 3*w**4/4 + 5*w**3/6 + 10*w**2 - 1. What is c(-19)?
24
Suppose -110 = -5*s - 5*s. Let f(p) = 10*p + 13 + 12 - p**2 - 40 + s. Give f(4).
20
Let p(g) be the third derivative of -g**4/12 + 2*g**3/3 + 3*g**2 + g. Suppose 1 - 10 = 4*d - 5*f, 2*d - 2*f + 2 = 0. Determine p(d).
-4
Let d(b) be the third derivative of -b**6/30 + b**5/60 - b**4/24 - b**3/6 + b**2. Let o = -117 - -131. Let s = -15 + o. Give d(s).
5
Suppose 0 = d + 3*d - 5*b - 104, 4*b - 78 = -2*d. Suppose d*a - 32*a + 2 = 0. Let k(t) = -5*t. Determine k(a).
-10
Let b(h) = h**2 + h - 11. Let t be b(-6). Let f(d) = -20*d + 0 + t*d - 2. Determine f(-8).
6
Let a(h) be the first derivative of -h**6/45 - h**5/60 - h**4/24 + h**3/3 - 8. Let c(n) be the third derivative of a(n). Give c(-1).
-7
Suppose -4*h - 5*w = 39, -51 = 4*h + 4*w - 11*w. Let y(c) = c - 1. Give y(h).
-12
Let i(y) be the first derivative of y**2/2 - 17*y + 541. Determine i(-8).
-25
Let c(t) be the second derivative of t**5/20 + 13*t**4/12 + 11*t**3/3 + 29*t. Let v be c(-11). Let z(h) = h + 7. What is z(v)?
7
Let f(v) = -5*v**3 - 9*v**2 + 10*v. Let j(x) = -4*x**3 - 8*x**2 + 8*x - 1. Let q(c) = -3*f(c) + 4*j(c). Determine q(-5).
-14
Let d(w) = w**2 - w. Suppose 0 = f + 25 - 27. Suppose 19*j + f = 21*j. Calculate d(j).
0
Let s(p) = p**2 - 5*p - 5. Suppose -5*f + 4*g = -41, -5*g = -f - 4*g + 9. Suppose -f*r - 5 = 0, 6*t + 4*r = 2*t + 20. Give s(t).
1
Let v(u) = -4*u**2 + 6*u**2 + u**2 - 4 + 8*u - u**3. What is v(5)?
-14
Let k(g) = -g - 1. Suppose 5*f = -w + 8, 5*f - 6 = -4*w + 2*w. Let s(p) = -4*p - 11 + 4*p - p + 18. Let o(a) = w*k(a) + s(a). Give o(-4).
5
Let k(q) = 21*q**2 - 12*q**2 - 6*q**2 + q**3 - 4*q + 4 + 3*q**2. What is k(-6)?
28
Let y(l) = 8*l. Let g(t) = t + 6. Let n(v) = -2*g(v) + y(v). What is n(7)?
30
Let n(w) = 3 - 269*w + 152*w + 59*w + 57*w. Let c be 17/3 + (-4)/6. Determine n(c).
-2
Let f(a) = -5*a + 7. Let t(o) = -2*o + 3. Let b(n) = 6*f(n) - 13*t(n). Let q be (70/(-21))/((-2)/(-6)). Let k be (4/q)/((-24)/120). Give b(k).
-5
Let f(x) be the third derivative of -x**6/120 - x**5/30 - x**4/8 - 7*x**3/6 + 9*x**2 - 27*x. Calculate f(0).
-7
Let z(o) be the first derivative of o + 10*o**2 - 1 + 0 - 15*o**2. Let i = 38 + -39. Determine z(i).
11
Let l(h) = -h**3 + 5*h**2 + 3*h + 1. Let t = -1040 - -1044. What is l(t)?
29
Let s be (-36)/(-12) + -2 + 44/(-48). Let j(i) be the third derivative of 0 + 0*i + 5*i**2 - 1/120*i**6 - 1/6*i**3 + 1/4*i**4 - s*i**5. Determine j(-6).
-1
Let n(f) be the second derivative of f**5/20 + f**4/6 - f**3/2 - 7*f**2/2 + 401*f + 1. Calculate n(-3).
-7
Let v(r) = 2 + 4*r**2 - 23*r + 0*r**2 - 10*r**2 + 5*r**2. What is v(-23)?
2
Let i(r) = 2*r**3 - 8*r**2 + r - 4. Let d be i(4). Let w(h) be the third derivative of d - 4*h**2 + 1/24*h**4 + 0*h - 1/20*h**5 + 0*h**3. Give w(1).
-2
Let y(t) = -t - 5. Let q(p) = -p - 3. Let a be 300/48 + (-3)/(-4). Let h(n) = a*q(n) - 4*y(n). Calculate h(2).
-7
Let p(j) be the third derivative of -j**4/6 + j**3/3 - 608*j**2. What is p(7)?
-26
Let a(u) = -2*u**2 - 23*u + 10. Suppose 8*d = 3*d + 5*j - 40, 48 = -3*d - 3*j. Determine a(d).
-2
Let v(m) = m**3 + 22*m**2 + 2. Let j be (-112)/(-84)*(-3)/6*33. Determine v(j).
2
Let b(l) = -l**3 - 7*l**2 + l + 6. Let y = 17 + -12. Suppose y*g + 12 = 2*g. Let n be (-2 - -18)/g - 3. Determine b(n).
-1
Let s(x) = -x**3. Suppose 2*k + 6 = -3*q, 4*k - 7*k + 4*q - 26 = 0. Let n = k - 3. Let y(l) = -l - 10. Let u be y(n). What is s(u)?
1
Let b be 5/((-70)/(-42)) + 4. Let u(f) = 0*f**2 - f**2 - 6 + 1 + 8*f. What is u(b)?
2
Let o(c) = c - 6. Let i be o(5). Let y(j) = -2*j**2. Determine y(i).
-2
Let f(j) = j**3 + 4*j**2 - 3*j + 3. Let y be f(-5). Let h(d) = -d**3 - 6*d**2 + 4*d - 15. What is h(y)?
6
Suppose -4*t + 3*z = 20 + 6, -5*z = -5*t - 35. Let r = -1 - t. Suppose -13 = -y + 3*o, 8 = -2*y + y - r*o. Let g(l) = -l**2 + 5*l + 3. Calculate g(y).
7
Let p(o) be the third derivative of o**8/6720 - o**7/2520 + o**6/720 - o**5/24 + 7*o**4/12 - 7*o**2. Let b(r) be the second derivative of p(r). Calculate b(0).
-5
Let d = 1638 - 1624. Let r(m) = m**2 - 16*m + 20. Calculate r(d).
-8
Let a(l) = 24*l - 24. Let t(w) = 8*w - 9. Let p(j) = 3*a(j) - 8*t(j). Calculate p(-1).
-8
Let r = 42 + -37. Suppose -5*c + 2*i - 3*i - 14 = 0, -4*i - 26 = r*c. Let k(a) = a**3 + a**2 + a + 1. Let o be k(c). Let y(s) = -4*s - 6. Calculate y(o).
14
Let f(k) = -k + 1. Let o(v) = 3*v - 11. Let s be o(5). Suppose 0 = 4*u - s*n + 20, 2*u - n + 1 = -6. Calculate f(u).
3
Suppose 5*j = 2*j + 12. Let g(s) be the second derivative of -1/3*s**3 + s**2 + 1/6*s**j + 5*s + 0. Calculate g(2).
6
Let a(m) = -m**2 + 3*m + 12. Let k be a(5). Suppose -26 = -4*f - 5*y, 0*f + y = f - k. Let u(j) = 2 - f + j - 2*j. Give u(6).
-8
Let o be (-1)/(1/10*3/(-3)). Let x(v) = -v**2 + 12*v - 9. What is x(o)?
11
Let a(c) = c**3 + 6*c**2 - 5*c - 11. Let p be a(-6). Suppose -3*i + 2 = s - 16, 2*i - 40 = -2*s. Let d = p - s. Let x(w) = 10*w + 3. Determine x(d).
-17
Let n(g) = -2*g - 9. Let v be 9/((-18)/4) + -54. Let s = -63 - v. Calculate n(s).
5
Let t be (6 - 6) + (3 - -1). Let v(d) = d**3 - 4*d**2 - d. Give v(t).
-4
Let f(w) = -10*w**2 - w. Suppose 2*q + 7*t - 27 = 4*t, 0 = q - t - 1. Suppose 3 = 9*r - q. What is f(r)?
-11
Let j(r) be the first derivative of 3*r**2 + 2*r - 1. Suppose -5*h - 6 = 9, -5*y + 22 = -4*h. Suppose 0 = l - 0*l + y. Determine j(l).
-10
Let c(t) = -14*t - 2. Suppose -3*s + 3*v - 3 = 0, -2*s + 4*v = 40 - 38. Give c(s).
12
Let g(t) = 3*t**3 + 2*t**2 - 5*t + 2. Let d(l) = -16*l**3 - 10*l**2 + 26*l - 9. Let n(h) = -2*d(h) - 11*g(h). Let u = 1187 + -1191. Give n(u).
16
Let t = -84 + 84. Let z(m) = -4*m**2 + 23 - m - 29 + 3*m**2. Determine z(t).
-6
Let n(l) be the second derivative of -7*l + 0*l**3 - 1/2*l**4 - 1/20*l**5 - 2*l**2 + 0. What is n(-6)?
-4
Let k(m) = 6*m + 2. Let d be 4/30 + 4112/(-240). Let y(h) = -3*h - 12. Let j be y(-9). Let z = d + j. Give k(z).
-10
Let j(m) = 9*m**2 + 21*m - 21. Let o(n) = -n**2 - 2*n + 2. Let a(v) = -2*j(v) - 21*o(v). Let k be (8*-2)/(-2) - 4. Let b be k/(-10) + 126/90. What is a(b)?
3
Let l(a) = 5*a**2 + 2*a. Let m be l(-1). Let h(o) = -o**2 - m*o - 3*o**2 + 0*o**2 + 1 - 6 + o**3. Determine h(5).
5
Let x(n) = 22*n**3 + 33*n**2 - 36*n - 28. Let a(g) = -17*g**3 - 25*g**2 + 27*g + 21. Let h(w) = 9*a(w) + 7*x(w). Let m = -16 - -9. Calculate h(m).
7
